 - 5*r - 214 = 846, -2*s + r + 422 = 0. Suppose -56 = -a + 2*i, -11*a + i + s = -7*a. What is the highest common factor of a and 494?
26
Suppose 3*u - g = -54 + 139, 0 = -5*g - 5. Suppose -22*a + 192 = -8*a - 11*a. What is the greatest common factor of u and a?
4
Let b(f) = f**2 + 4*f + 16. Let v be (0 - (-6)/15)/(1/(-20)). Let z be b(v). What is the greatest common factor of z and 36?
12
Let h(a) = a**2 - 92*a + 334. Let u be h(93). Let f be 2/(-10) - (-72)/10. Calculate the greatest common factor of u and f.
7
Let q be 168/(-112)*1*-20. What is the highest common factor of q and 2190?
30
Let b(u) = -9*u - 3. Let v be b(-1). Let s be (8/v)/(5/(-105)). Let x = 48 + s. What is the highest common divisor of x and 4?
4
Let s(q) = 67*q - 507. Let d be s(9). Let k be -1*(14 - (-1 + 1)). Let f = 26 + k. Calculate the greatest common divisor of f and d.
12
Suppose o - 3*c - 1132 = 0, -5*c = o - 0*o - 1140. Suppose -1130*y - 165 = -o*y. Calculate the greatest common factor of y and 77.
11
Let i = -7 + 12. Suppose t + 0*t = i. Suppose 0 = -4*x - 5*a + 6*a + 182, -4*x - 5*a = -170. Calculate the highest common factor of t and x.
5
Suppose c + c + 3*a = 15, -2*a = 2. Let k be 3/2*(-2 - 30/(-3)). What is the greatest common factor of c and k?
3
Suppose -g = 2*g - 9. Suppose 0*x = -4*x + 2064. Suppose -g*k = 4*z - x, -z + 5*k = -34 - 72. Calculate the highest common divisor of z and 14.
14
Let v = -68 - -362. Let f = v + -266. What is the highest common factor of f and 252?
28
Suppose 4*q + 3*b = 26, 5*q - 3*b - 2*b = 50. Let k be (q/(-20) - 0)*10. Let r be k*(-3)/42 - 6876/(-42). What is the greatest common divisor of 41 and r?
41
Let x(p) be the second derivative of -p**3 + 134*p**2 + 53*p + 3. Let r be x(-17). What is the highest common divisor of 148 and r?
74
Let c(s) = -130*s + 24. Let q(j) = -259*j + 47. Let t(b) = -11*c(b) + 6*q(b). Let i be t(-2). What is the highest common divisor of i and 19?
19
Let u(c) = 17*c - 609. Let t be u(36). What is the greatest common divisor of t and 489?
3
Suppose -s + 265 = -5*a, 10*a + 970 = 4*s + 8*a. What is the highest common divisor of 630 and s?
30
Let t(z) = 20*z**2 - 8*z + 1. Let a be t(0). Suppose 2*n - 3*d = -2*d + 38, 50 = 2*n - 4*d. Calculate the highest common factor of a and n.
1
Let l(k) = -1 - 75*k + 37*k + 37*k + 10. Let y be l(8). What is the greatest common factor of 8 and y?
1
Suppose 0 = 7*q - 8*q + 12. What is the highest common divisor of q and 588?
12
Let k(a) = a**3 - 5*a**2 - 5*a + 9. Let r be k(6). Let f be (18/r)/((-6)/(-1000)). Let y = -16062 - -16087. What is the highest common factor of y and f?
25
Let t be ((-24)/10)/((-2)/35). Let i = -302 - -302. Suppose i = 4*x, 6*x - 56 = -2*d + 2*x. What is the highest common divisor of d and t?
14
Let v(g) = 7*g**3 + g**2 + g - 1. Let m be v(-3). Let d = m + 292. What is the greatest common factor of 12 and d?
12
Let h = 71 + -26. Suppose 41*s - 216 = h*s. Let m be 36/s*-3*5. What is the greatest common divisor of 60 and m?
10
Suppose -4*z + 19 = -25. Let t be (-4 - -7)/(3/5). Suppose -5*w = 2*p - 112, -t*p - 62 = -3*w - p. Calculate the greatest common factor of z and w.
11
Let y(a) = 163*a + 7. Let q be y(1). Suppose 3*o = -4*k + 46, -6*k + 10 = -o - k. Calculate the greatest common factor of q and o.
10
Let p(h) = -h**2 + 16*h. Suppose x = 5*z - 3 + 5, -5*x - z + 62 = 0. Let t be p(x). Calculate the greatest common factor of 12 and t.
12
Suppose -4*s + r + 1919 = -8168, -10122 = -4*s + 6*r. What is the highest common factor of 672 and s?
168
Let t(x) = 158*x - 482. Let q be t(4). What is the greatest common divisor of q and 90?
30
Let c be (4 - -1 - (4 - 4)) + 434. Let u = c - 167. Calculate the highest common factor of u and 32.
16
Suppose -j = -2*s - 134, -16*j - 5*s + 232 = -14*j. Calculate the highest common factor of j and 3087.
63
Suppose -7*u + 2*u + 50 = 0. Suppose 11646*q - 11546*q = 67000. Calculate the greatest common factor of u and q.
10
Let v be 57/247*26 - 1*-18. Let j = -26 - -38. Calculate the highest common divisor of j and v.
12
Suppose 6*w - 35 = -5. Suppose 10 = -m - w*q, 6*q - q + 85 = 4*m. Calculate the highest common divisor of 55 and m.
5
Suppose -3*i = 5*y - 312 - 228, -i + 3*y + 152 = 0. What is the greatest common divisor of i and 221?
17
Let l(d) = d**2 - 4*d - 3. Let y be l(6). Suppose -y = 2*h + 11. Let r = h + 55. Calculate the highest common divisor of 30 and r.
15
Let o(d) = 79*d - 497. Let z be o(9). Calculate the greatest common factor of 14 and z.
2
Suppose -4*z - 3*d + 1620 = 0, -2*z = -d - 0*d - 820. Let a(p) = -1101*p + 9921. Let u be a(9). Calculate the highest common divisor of z and u.
12
Let h be 5/(5/2) + -1 - -8. Suppose 5*j - 236 = -u, 0 = -4*u + 3*j + 2*j + 844. What is the highest common divisor of u and h?
9
Suppose 0 = -13*x + 11*x + 4*g + 20, -4*x + 3*g = -50. Suppose x*k + 7*k = 924. What is the greatest common divisor of 33 and k?
11
Let q be (24/10)/(11*(-48)/(-1760)). Let i be (3 + 1 - 18)*-1. Calculate the highest common divisor of q and i.
2
Let j(o) be the second derivative of -o**4/12 + 10*o**3/3 - 43*o**2/2 - 53*o. Let v be j(17). Calculate the greatest common factor of v and 10.
2
Suppose -n = -6*n + 1030. Let z = 291 - n. What is the highest common factor of z and 34?
17
Let g = 1088 + 112. Calculate the greatest common divisor of 120 and g.
120
Let c(j) = j**3 + 2*j. Let f be c(0). Suppose 5*q + f*q + u = 659, -2 = 2*u. Calculate the highest common factor of q and 44.
44
Suppose 4*l = -3*g + 287, 0 = l + 40*g - 41*g - 63. Calculate the greatest common factor of l and 153.
17
Let k be (-5 - 3 - -5) + (-12216)/(-4). Calculate the greatest common divisor of 9 and k.
9
Let g = 7492 + -7412. What is the greatest common factor of 1 and g?
1
Suppose 37*s - 7*s = -6*s + 1584. What is the greatest common factor of 4444 and s?
44
Suppose -115*a - 118 = -2*t - 117*a, 4*t = -2*a + 230. Calculate the highest common divisor of 798 and t.
14
Suppose -24 = -4*x + 2*u, 2*x - 4*x = -4*u. Suppose x*c - 38 = 122. What is the highest common factor of c and 100?
20
Suppose -97*y = -81*y - 48. Suppose -q = y*k - 600, 10*q - 2*k = 6*q + 2400. What is the highest common factor of 24 and q?
24
Suppose -5*r = -5, 4*r - 6974 = 3*c - 8*c. Let u = c - 827. Suppose -77 = 14*v - u. What is the greatest common factor of 5 and v?
5
Let u = 6 + -2. Let x(a) = 2*a**2 + 2*a + 350. Let t be x(0). Let c be 280/t + (-2 + 0)/(-10). Calculate the greatest common factor of c and u.
1
Suppose 0 = 13*w - 351 - 65. Calculate the greatest common factor of w and 760.
8
Let p be 2445/12 + 1/4. Let w be (-56)/12*13/((-273)/108). What is the highest common factor of p and w?
12
Let z(k) = -3*k**3 - 3*k**2 + 5*k + 7. Let c be z(-3). Let n be (8 - (275 - -9))*-1. What is the greatest common divisor of n and c?
46
Let r(v) = v**3 + 17*v**2 - 20*v - 54. Let z be r(-19). Let p be (z/88)/(2/(-12)). What is the greatest common divisor of p and 1107?
27
Suppose 3*g - g - 2169 = -3*l, 3*l + 3*g - 2166 = 0. Calculate the greatest common divisor of l and 250.
25
Suppose -403*i = -399*i + 4*n - 72, 2*n = 33*i - 454. Let k be (-1 + 5)*62/(-4). Let u = -6 - k. What is the greatest common factor of u and i?
14
Suppose 0 = -147*a - 135 + 1908 + 13221. Calculate the greatest common factor of 90 and a.
6
Suppose 3*f + 4*x = 568, -357 = -f - 4*x - 173. What is the highest common factor of 168 and f?
24
Let o = 249 + -178. Suppose 78*n - o*n = 1365. Calculate the greatest common factor of 30 and n.
15
Let o(f) = f**2 + 48*f + 61. Let d be o(-29). Let t = -462 - d. Let q(r) = 5*r**2 + 3*r + 2. Let w be q(-4). Calculate the greatest common divisor of t and w.
14
Let r = 75 - 72. Let f be 5/(60/28)*r. Let n be -1*6*f/(-6). What is the highest common factor of n and 56?
7
Suppose 3*d = -18, 4*s + 3*d - 2*d = 4402. What is the highest common factor of s and 532?
38
Let i(x) = -4 + 373*x**2 - 338*x**2 + x + 4*x. Let m be i(1). Let z(j) = j**2 + 3*j - 10. Let w be z(7). What is the highest common factor of m and w?
12
Let d(a) = 169*a**2 - 135*a + 404. Let j be d(3). What is the greatest common factor of 285 and j?
95
Suppose -r + 3*w = -3696, 104*r = 108*r - 4*w - 14792. What is the greatest common factor of 18 and r?
9
Let u(g) = -355 + g**2 + 714 +